{"id":88,"date":"2025-12-16T07:56:57","date_gmt":"2025-12-16T10:56:57","guid":{"rendered":"https:\/\/qrwbr.com.br\/?page_id=88"},"modified":"2025-12-29T14:45:02","modified_gmt":"2025-12-29T17:45:02","slug":"front_page","status":"publish","type":"page","link":"https:\/\/qrwbr.com.br\/?page_id=88","title":{"rendered":"In\u00edcio"},"content":{"rendered":"\n\n\n\nA experi\u00eancia de uma consultoria especializada\n\n\n\n\nSaiba mais\n\n\n\n\n\n\n\n\n\nAgilidade e efici\u00eancia s\u00e3o nossas marcas registradas\n\n\n\nSolu\u00e7\u00f5es tecnol\u00f3gicas sob medida para cada neg\u00f3cio\n\n\n\n\n\n\n\nConex\u00f5es estrat\u00e9gicas que geram resultados\n\n\n\nApoio na transforma\u00e7\u00e3o digital de sua empresa\n\n\n\n\n\n\n\n\n\n\n\n\nUma Equipe Multidisciplinar\n\n\n\nImpulsionando a Gera\u00e7\u00e3o de Valor Estrat\u00e9gico\n\n\n\nCom uma equipe multidisciplinar e uma rede de parceiros diversificada, a QRWbr impulsiona a gera\u00e7\u00e3o de valor estrat\u00e9gico para seus clientes.\n\n\n\n\nSaber mais\n\n\n\n\n\n\n\n\n\n\n\n\n\n\nSolu\u00e7\u00f5es tecnol\u00f3gicas sob medida para seu neg\u00f3cio\n\n\n\nA QRWbr oferece consultoria em TI de ponta, utilizando tecnologias de \u00faltima gera\u00e7\u00e3o e a expertise de uma equipe multidisciplinar. Com foco em inova\u00e7\u00e3o, seguran\u00e7a e escalabilidade, ajudamos a impulsionar a gera\u00e7\u00e3o de valor estrat\u00e9gico para nossos clientes.\n\n\n\n\n\n\n\n\n\nTransforma\u00e7\u00e3o digital:\n\n\n\nCom o constante avan\u00e7o da tecnologia e a r\u00e1pida mudan\u00e7a dos mercados, \u00e9 essencial para as empresas se adaptarem \u00e0 era da transforma\u00e7\u00e3o digital.\n\n\n\n<p>Preparamos sua empresa para a integra\u00e7\u00e3o profunda de tecnologias digitais em todas as \u00e1reas, gerando mudan\u00e7as culturais e estruturais para otimizar processos, melhorar a efici\u00eancia, criar novos modelos de neg\u00f3cio e redefinir a intera\u00e7\u00e3o com clientes, funcion\u00e1rios e parceiros, indo al\u00e9m da simples ado\u00e7\u00e3o de ferramentas e focando em pessoas, dados e resultados para inovar e se manter competitivo.<\/p>\n\n\n\n\n\n\n\n\n\n\n\nServi\u00e7os de Consultoria Especializada em TI, Intermedia\u00e7\u00e3o de Neg\u00f3cios e Transforma\u00e7\u00e3o Digital\n\n\n\nNossa equipe \u00e9 especializada em fornecer servi\u00e7os de alta tecnologia que impulsionam e agregam valor \u00e0 estrat\u00e9gia de neg\u00f3cios dos nossos clientes.\n\n\n\n\n\n\n\n\n\n\n\nConsultoria em TI\n\n\n\nAn\u00e1lise, planejamento e implementa\u00e7\u00e3o de solu\u00e7\u00f5es tecnol\u00f3gicas sob medida para atender \u00e0s necessidades espec\u00edficas do seu neg\u00f3cio.\n\n\n\n\nDescubra\n\n\n\n\n\n\n\n\n\n\n\n\nTransforma\u00e7\u00e3o Digital\n\n\n\nModerniza\u00e7\u00e3o de processos, integra\u00e7\u00e3o de sistemas e ado\u00e7\u00e3o de novas tecnologias para levar seu neg\u00f3cio ao pr\u00f3ximo n\u00edvel de sucesso!\n\n\n\n\nSolicite\n\n\n\n\n\n\n\n\n\n\n\n\nIntermedia\u00e7\u00e3o de Neg\u00f3cios\n\n\n\nConex\u00e3o entre empresas, fornecedores e parceiros estrat\u00e9gicos para ampliar oportunidades e fortalecer ecossistemas digitais.\n\n\n\n\nConhe\u00e7a\n\n\n\n\n\n\n\n\n\n\n\n\nConsultoria ESG\n\n\n\nESG (Ambiental, Social e Governan\u00e7a): s\u00e3o crit\u00e9rios de avalia\u00e7\u00e3o da empresa em rela\u00e7\u00e3o ao desempenho com foco em pr\u00e1ticas sustent\u00e1veis\/respons\u00e1veis em rela\u00e7\u00e3o ao Meio Ambiente (emiss\u00f5es de carbono, res\u00edduos), Social (funcion\u00e1rios, clientes, comunidade) e Governan\u00e7a (transpar\u00eancia, \u00e9tica, lideran\u00e7a).\n\n\n\n\nConhe\u00e7a\n\n\n\n\n\n\n\n\n\n\n\n\nGest\u00e3o de Servi\u00e7os de TIC\n\n\n\nImplementa\u00e7\u00e3o de pr\u00e1ticas de gest\u00e3o de servi\u00e7os de Tecnologia da Informa\u00e7\u00e3o e Comunica\u00e7\u00e3o (TIC) que focam no alinhamento estrat\u00e9gico entre a tecnologia e os objetivos de neg\u00f3cio, utilizando frameworks consolidados e tecnologias emergentes como Intelig\u00eancia Artificial (IA) e Aprendizado de M\u00e1quina (ML).\n\n\n\n\nConhe\u00e7a\n\n\n\n\n\n\n\n\n\n\n\n\nTend\u00eancias para 2026\n\n\n\n<strong>AIOps (IA para Opera\u00e7\u00f5es)<\/strong>:&nbsp;Uso de machine learning e IA preditiva para automatizar a detec\u00e7\u00e3o de incidentes e reduzir o tempo de inatividade (downtime). <strong>Sustentabilidade e Cloud<\/strong>:&nbsp;Moderniza\u00e7\u00e3o para nuvens p\u00fablicas com foco em efici\u00eancia energ\u00e9tica e redu\u00e7\u00e3o de pegada de carbono.\n\n\n\n\nConhe\u00e7a\n\n\n\n\n\n\n\n\n\n\n\n\nEntre em contato\n\n\n\nN\u00e3o perca mais tempo, entre em contato com a QRWbr e descubra como podemos ajudar a sua empresa a se destacar no mercado digital.\n\n\n\n\nContato\n\n\n\n\n\n\n\n\n\n\n\n\n\n\nN\u00fameros do nosso Desempenho\n\n\n\nDescubra os n\u00fameros que comprovam a efici\u00eancia e o resultado dos nossos servi\u00e7os.\n\n\n\n\n\n\nConsulte\n\n\n\n\n\n\n\n\nProjetos Completados\n\n\n\n10+\n\n\n\n\n\nClientes Satisfeitos\n\n\n\n90%\n\n\n\n\n\nMetas Superadas\n\n\n\n75%\n\n\n\n\n\nRedu\u00e7\u00e3o de Custos\n\n\n\nR$3M\n\n\n\n\n\n\n\n\n\nEmpresas que confiam na QRWbr\n\n\n\nConhe\u00e7a algumas das empresas que j\u00e1 contrataram nossos servi\u00e7os e confiam em nossa equipe de especialistas.\n\n\n\n\n\n\n\n\n\n\n\n\n\n\n\n\n\n\n\n\n\n\n\n\n\n\n\nS\u00e3o nossos parceiros de tecnologia\n\n\n\nEmpresas que se tornaram parceiras comerciais.\n\n\n\n\n\n\n\nImagem promocional\n\n\n\nSomos revendedores autorizados GET.\n\n\n\n\nsaiba mais\n\n\n\n\n\n\nImagem promocional\n\n\n\nSolu\u00e7\u00f5es para Institui\u00e7\u00f5es<br>P\u00fablicas e Privadas..\n\n\n\n\nsaiba mais\n\n\n\n\n\n\n\n\n\n\n\n\n\n\n\n\n\n\n","protected":false},"excerpt":{"rendered":"","protected":false},"author":1,"featured_media":0,"parent":0,"menu_order":0,"comment_status":"closed","ping_status":"closed","template":"","meta":{"footnotes":""},"class_list":["post-88","page","type-page","status-publish","hentry"],"yoast_head":"<!-- This site is optimized with the Yoast SEO plugin v26.6 - https:\/\/yoast.com\/wordpress\/plugins\/seo\/ -->\n<title>In\u00edcio - QRWbr - Tecnologia e Inova\u00e7\u00e3o<\/title>\n<meta name=\"robots\" content=\"index, follow, max-snippet:-1, max-image-preview:large, max-video-preview:-1\" \/>\n<link rel=\"canonical\" href=\"http:\/\/qrwbr.com.br\/?page_id=88\" \/>\n<meta property=\"og:locale\" content=\"en_US\" \/>\n<meta property=\"og:type\" content=\"article\" \/>\n<meta property=\"og:title\" content=\"In\u00edcio - QRWbr - Tecnologia e Inova\u00e7\u00e3o\" \/>\n<meta property=\"og:url\" content=\"http:\/\/qrwbr.com.br\/?page_id=88\" \/>\n<meta property=\"og:site_name\" content=\"QRWbr - Tecnologia e Inova\u00e7\u00e3o\" \/>\n<meta property=\"article:modified_time\" content=\"2025-12-29T17:45:02+00:00\" \/>\n<meta name=\"twitter:card\" content=\"summary_large_image\" \/>\n<meta name=\"twitter:label1\" content=\"Est. reading time\" \/>\n\t<meta name=\"twitter:data1\" content=\"3 minutes\" \/>\n<script type=\"application\/ld+json\" class=\"yoast-schema-graph\">{\"@context\":\"https:\/\/schema.org\",\"@graph\":[{\"@type\":\"WebPage\",\"@id\":\"http:\/\/qrwbr.com.br\/?page_id=88\",\"url\":\"http:\/\/qrwbr.com.br\/?page_id=88\",\"name\":\"In\u00edcio - QRWbr - Tecnologia e Inova\u00e7\u00e3o\",\"isPartOf\":{\"@id\":\"http:\/\/qrwbr.com.br\/#website\"},\"datePublished\":\"2025-12-16T10:56:57+00:00\",\"dateModified\":\"2025-12-29T17:45:02+00:00\",\"breadcrumb\":{\"@id\":\"http:\/\/qrwbr.com.br\/?page_id=88#breadcrumb\"},\"inLanguage\":\"en-US\",\"potentialAction\":[{\"@type\":\"ReadAction\",\"target\":[\"http:\/\/qrwbr.com.br\/?page_id=88\"]}]},{\"@type\":\"BreadcrumbList\",\"@id\":\"http:\/\/qrwbr.com.br\/?page_id=88#breadcrumb\",\"itemListElement\":[{\"@type\":\"ListItem\",\"position\":1,\"name\":\"Home\",\"item\":\"http:\/\/qrwbr.com.br\/\"},{\"@type\":\"ListItem\",\"position\":2,\"name\":\"In\u00edcio\"}]},{\"@type\":\"WebSite\",\"@id\":\"http:\/\/qrwbr.com.br\/#website\",\"url\":\"http:\/\/qrwbr.com.br\/\",\"name\":\"QRW.BR\",\"description\":\"\",\"publisher\":{\"@id\":\"http:\/\/qrwbr.com.br\/#organization\"},\"potentialAction\":[{\"@type\":\"SearchAction\",\"target\":{\"@type\":\"EntryPoint\",\"urlTemplate\":\"http:\/\/qrwbr.com.br\/?s={search_term_string}\"},\"query-input\":{\"@type\":\"PropertyValueSpecification\",\"valueRequired\":true,\"valueName\":\"search_term_string\"}}],\"inLanguage\":\"en-US\"},{\"@type\":\"Organization\",\"@id\":\"http:\/\/qrwbr.com.br\/#organization\",\"name\":\"QRWBR - Tecnologia e Inova\u00e7\u00e3o\",\"url\":\"http:\/\/qrwbr.com.br\/\",\"logo\":{\"@type\":\"ImageObject\",\"inLanguage\":\"en-US\",\"@id\":\"http:\/\/qrwbr.com.br\/#\/schema\/logo\/image\/\",\"url\":\"https:\/\/qrwbr.com.br\/wp-content\/uploads\/2025\/10\/logo.png\",\"contentUrl\":\"https:\/\/qrwbr.com.br\/wp-content\/uploads\/2025\/10\/logo.png\",\"width\":502,\"height\":116,\"caption\":\"QRWBR - Tecnologia e Inova\u00e7\u00e3o\"},\"image\":{\"@id\":\"http:\/\/qrwbr.com.br\/#\/schema\/logo\/image\/\"}}]}<\/script>\n<!-- \/ Yoast SEO plugin. -->","yoast_head_json":{"title":"In\u00edcio - QRWbr - Tecnologia e Inova\u00e7\u00e3o","robots":{"index":"index","follow":"follow","max-snippet":"max-snippet:-1","max-image-preview":"max-image-preview:large","max-video-preview":"max-video-preview:-1"},"canonical":"http:\/\/qrwbr.com.br\/?page_id=88","og_locale":"en_US","og_type":"article","og_title":"In\u00edcio - QRWbr - Tecnologia e Inova\u00e7\u00e3o","og_url":"http:\/\/qrwbr.com.br\/?page_id=88","og_site_name":"QRWbr - Tecnologia e Inova\u00e7\u00e3o","article_modified_time":"2025-12-29T17:45:02+00:00","twitter_card":"summary_large_image","twitter_misc":{"Est. reading time":"3 minutes"},"schema":{"@context":"https:\/\/schema.org","@graph":[{"@type":"WebPage","@id":"http:\/\/qrwbr.com.br\/?page_id=88","url":"http:\/\/qrwbr.com.br\/?page_id=88","name":"In\u00edcio - QRWbr - Tecnologia e Inova\u00e7\u00e3o","isPartOf":{"@id":"http:\/\/qrwbr.com.br\/#website"},"datePublished":"2025-12-16T10:56:57+00:00","dateModified":"2025-12-29T17:45:02+00:00","breadcrumb":{"@id":"http:\/\/qrwbr.com.br\/?page_id=88#breadcrumb"},"inLanguage":"en-US","potentialAction":[{"@type":"ReadAction","target":["http:\/\/qrwbr.com.br\/?page_id=88"]}]},{"@type":"BreadcrumbList","@id":"http:\/\/qrwbr.com.br\/?page_id=88#breadcrumb","itemListElement":[{"@type":"ListItem","position":1,"name":"Home","item":"http:\/\/qrwbr.com.br\/"},{"@type":"ListItem","position":2,"name":"In\u00edcio"}]},{"@type":"WebSite","@id":"http:\/\/qrwbr.com.br\/#website","url":"http:\/\/qrwbr.com.br\/","name":"QRW.BR","description":"","publisher":{"@id":"http:\/\/qrwbr.com.br\/#organization"},"potentialAction":[{"@type":"SearchAction","target":{"@type":"EntryPoint","urlTemplate":"http:\/\/qrwbr.com.br\/?s={search_term_string}"},"query-input":{"@type":"PropertyValueSpecification","valueRequired":true,"valueName":"search_term_string"}}],"inLanguage":"en-US"},{"@type":"Organization","@id":"http:\/\/qrwbr.com.br\/#organization","name":"QRWBR - Tecnologia e Inova\u00e7\u00e3o","url":"http:\/\/qrwbr.com.br\/","logo":{"@type":"ImageObject","inLanguage":"en-US","@id":"http:\/\/qrwbr.com.br\/#\/schema\/logo\/image\/","url":"https:\/\/qrwbr.com.br\/wp-content\/uploads\/2025\/10\/logo.png","contentUrl":"https:\/\/qrwbr.com.br\/wp-content\/uploads\/2025\/10\/logo.png","width":502,"height":116,"caption":"QRWBR - Tecnologia e Inova\u00e7\u00e3o"},"image":{"@id":"http:\/\/qrwbr.com.br\/#\/schema\/logo\/image\/"}}]}},"_links":{"self":[{"href":"https:\/\/qrwbr.com.br\/index.php?rest_route=\/wp\/v2\/pages\/88","targetHints":{"allow":["GET"]}}],"collection":[{"href":"https:\/\/qrwbr.com.br\/index.php?rest_route=\/wp\/v2\/pages"}],"about":[{"href":"https:\/\/qrwbr.com.br\/index.php?rest_route=\/wp\/v2\/types\/page"}],"author":[{"embeddable":true,"href":"https:\/\/qrwbr.com.br\/index.php?rest_route=\/wp\/v2\/users\/1"}],"replies":[{"embeddable":true,"href":"https:\/\/qrwbr.com.br\/index.php?rest_route=%2Fwp%2Fv2%2Fcomments&post=88"}],"version-history":[{"count":11,"href":"https:\/\/qrwbr.com.br\/index.php?rest_route=\/wp\/v2\/pages\/88\/revisions"}],"predecessor-version":[{"id":221,"href":"https:\/\/qrwbr.com.br\/index.php?rest_route=\/wp\/v2\/pages\/88\/revisions\/221"}],"wp:attachment":[{"href":"https:\/\/qrwbr.com.br\/index.php?rest_route=%2Fwp%2Fv2%2Fmedia&parent=88"}],"curies":[{"name":"wp","href":"https:\/\/api.w.org\/{rel}","templated":true}]}}